et w(l) = 14*l**2 + 1370*l - 10289. Determine w(7).
-13
Let k(y) = 4*y**3 - 15*y**2 - 9*y + 23. Determine k(4).
3
Let d(m) = -2*m**3 - 82*m**2 + 77*m - 216. Calculate d(-42).
78
Let v(u) = -u**3 - 385*u**2 - 840*u - 28327. Calculate v(-383).
15
Let o(j) = 46*j**3 - 4737*j**2 - 776*j + 69315. Determine o(103).
-4
Let o(s) = -271*s + 15167. Calculate o(56).
-9
Let p(a) = -443*a**2 + 1205*a - 65. What is p(3)?
-437
Let s(b) = -9*b**3 + 43*b**2 + 76*b + 37. Determine s(-4).
997
Let n(s) = 8*s**2 + 888*s + 24540. Give n(-59).
-4
Let g(u) = -11*u**3 - 68*u**2 - 409*u - 2382. What is g(-6)?
0
Let a(i) = i**3 - 120*i**2 + 3553*i + 147. Calculate a(53).
253
Let g(h) = -7*h**3 - 209*h**2 - 181*h - 224. Calculate g(-29).
-21
Let h(x) = -17127*x + 308145. What is h(18)?
-141
Let q(f) = -7*f**2 - 201*f - 567. Give q(-25).
83
Let o(a) = -a**3 - 9*a**2 + 2272*a + 71. Give o(44).
-2569
Let w(z) = z**2 + 26355*z - 342787. Give w(13).
-3
Let l(k) = -317*k + 1770. Determine l(4).
502
Let i(c) = 2*c**3 + 353*c**2 - 221*c - 7794. Give i(-177).
-6
Let h(l) = -22226*l + 133322. Calculate h(6).
-34
Let p(d) = 75*d**2 - 10497*d - 356. Determine p(140).
64
Let f(q) = -51*q - 4491. Give f(-77).
-564
Let g(d) = 3*d**3 - 287*d**2 + 4*d - 9593. Give g(96).
7
Let x(b) = -125410*b - 1881155. Give x(-15).
-5
Let k(x) = x**3 + 70*x**2 + 272*x - 211. Calculate k(-65).
3234
Let r(n) = -n**3 - 31*n**2 - 53*n + 389. Give r(-32).
3109
Let h(x) = -x**3 + 110*x**2 - 7205*x + 812079. Calculate h(111).
3
Let w(i) = 53*i**3 + 21*i**2 + 12*i + 17. Calculate w(-2).
-347
Let x(y) = -y**3 - 103*y**2 - 2272*y + 166. Determine x(-71).
166
Let m(i) = 2*i**2 - 427*i + 9777. What is m(26)?
27
Let z(i) = -11*i**2 + 67*i - 575. What is z(12)?
-1355
Let f(j) = -j**3 - 280*j**2 + 160*j - 33963. Give f(-281).
38
Let h(s) = 1904*s + 48922. What is h(-26)?
-582
Let j(b) = b**2 - 7085*b + 134251. Determine j(19).
-3
Let u(l) = 72*l**2 - 321*l + 1908. What is u(6)?
2574
Let g(x) = x**3 - 111*x**2 - 5*x - 12055. Give g(112).
-71
Let n(i) = -336*i - 8639. Determine n(-27).
433
Let m(u) = 751*u - 56479. Calculate m(75).
-154
Let a(b) = 7253302*b + 50773109. Calculate a(-7).
-5
Let j(m) = -16*m**2 + 1602*m - 29273. Calculate j(76).
63
Let l(k) = -k**3 - 51*k**2 + 179*k + 9204. Give l(-51).
75
Let r(z) = 16*z**2 - 16927*z - 154714. Determine r(1067).
1
Let q(m) = m**3 + 79*m**2 - 561*m - 2045. Determine q(9).
34
Let a(d) = -4*d**2 + 12203*d + 2545460. Calculate a(-196).
8
Let r(p) = -72984*p + 9998823. Give r(137).
15
Let h(b) = -3493*b + 83819. What is h(24)?
-13
Let i(f) = -485*f - 1802. Calculate i(0).
-1802
Let h(r) = -17*r**2 - 1153*r - 17102. Calculate h(-46).
-36
Let l(n) = 10*n + 1018. What is l(-56)?
458
Let f(l) = l**3 - 11*l**2 - 631*l + 7951. Calculate f(13).
86
Let g(d) = d**3 + 19*d**2 - 98*d - 618. Give g(-23).
-480
Let s(o) = 1470*o + 268858. Determine s(-183).
-152
Let p(m) = 822*m + 52922. Calculate p(-65).
-508
Let u(y) = y**3 + 21*y**2 + 16*y + 5. What is u(-12)?
1109
Let b(f) = -34*f**2 + 72*f + 669. Calculate b(6).
-123
Let r(u) = -2*u**3 + 1606*u**2 - 7981*u + 791. Determine r(798).
-7
Let g(l) = -267*l**2 + 1533*l + 2321. Determine g(7).
-31
Let f(q) = 51246*q - 1281138. Determine f(25).
12
Let g(y) = 2*y**3 + 145*y**2 - 42*y + 2298. Determine g(-73).
35
Let q(d) = d**2 + 2372*d - 402416. Calculate q(159).
13
Let f(y) = -712*y**2 - 1869*y - 38. Calculate f(-3).
-839
Let y(m) = -m**3 - 79*m**2 - 1356*m - 260. Give y(-25).
-110
Let l(f) = 154*f + 1966. Calculate l(1).
2120
Let t(i) = i**2 + 1486*i - 31641. Determine t(21).
6
Let u(z) = z**2 + 5531*z + 644046. What is u(-119)?
18
Let g(v) = 486*v**2 - 15*v + 34. Calculate g(2).
1948
Let u(y) = 939*y + 94405. What is u(-102)?
-1373
Let q(a) = 3*a**2 + 160*a + 153. Determine q(-61).
1556
Let y(p) = p**3 - 1307*p**2 + 370179*p + 893. Give y(892).
1
Let h(p) = p**3 - 49*p**2 - 617*p - 7027. Calculate h(61).
-12
Let b(t) = 4528*t - 1019049. Give b(225).
-249
Let u(c) = 29026*c - 551225. Calculate u(19).
269
Let b(x) = -4*x**2 + 194*x + 83094. Determine b(-122).
-110
Let o(i) = 2912*i + 26315. Determine o(-9).
107
Let a(h) = -13*h**2 - 26*h - 27. Determine a(-2).
-27
Let c(r) = -48*r**3 + 48*r**2 - 133*r - 393. Determine c(-3).
1734
Let c(p) = 2868*p**2 + 82*p + 75. Give c(-1).
2861
Let w(v) = 1582*v + 507816. What is w(-321)?
-6
Let u(v) = 238475*v - 1192376. Calculate u(5).
-1
Let s(g) = -g**3 + 3008*g**2 - 32968*g - 4. Calculate s(11).
-15
Let d(x) = -x**3 - 66*x**2 - 151*x + 84. Calculate d(-64).
1556
Let v(x) = 2554485*x + 15326907. Give v(-6).
-3
Let m(x) = 2*x**2 + 280*x + 7166. Determine m(-102).
-586
Let z(f) = 2*f**2 - 744*f - 11573. Give z(-15).
37
Let p(r) = 332*r**2 - 196*r + 78. Give p(-3).
3654
Let p(w) = -4*w**2 - 1590*w - 14006. Determine p(-9).
-20
Let m(z) = -16*z**2 + 9609*z + 48017. Calculate m(-5).
-428
Let n(i) = -3*i**3 + 33*i**2 + 85*i + 1421. Determine n(15).
-4
Let x(g) = 645*g + 37357. Give x(-53).
3172
Let o(w) = -280*w**2 + 80*w - 237. What is o(2)?
-1197
Let q(k) = 406*k + 129433. Calculate q(-319).
-81
Let g(l) = -19*l**2 + 14372*l + 116193. Determine g(-8).
1
Let c(i) = 2*i**2 + 121*i - 1427. What is c(-66)?
-701
Let s(l) = 15*l**2 - 223*l - 1178. What is s(18)?
-332
Let f(i) = i**3 + 249*i**2 + 1233*i + 3239. Calculate f(-244).
67
Let q(h) = -4*h**2 - 439*h + 1595. Give q(-113).
126
Let l(q) = -q**2 - 1722*q - 496314. Calculate l(-366).
-18
Let r(b) = -394*b - 2908. What is r(-7)?
-150
Let g(d) = 2836*d**2 + 48398*d + 3158. Determine g(-17).
-4
Let p(x) = -x**3 + 13*x**2 + 359*x - 4975. Determine p(16).
1
Let q(m) = 2*m**2 - 2008*m + 218241. Calculate q(124).
1
Let a(j) = 13*j**2 + 411*j - 2351. Calculate a(-46).
6251
Let s(x) = -9855*x + 660292. What is s(67)?
7
Let b(z) = 16*z + 1254. What is b(-87)?
-138
Let g(k) = -k**2 + 1511*k + 10647. Calculate g(-7).
21
Let u(b) = 3701*b + 36804. Give u(-10).
-206
Let w(z) = -29*z**2 + 323*z + 11. What is w(10)?
341
Let o(w) = 3*w**3 - 26*w**2 + 565*w - 3733. What is o(7)?
-23
Let v(h) = -19*h**3 + 236*h**2 + 422*h - 16. Calculate v(14).
12
Let t(q) = 2*q**3 - 4*q**2 - 5*q - 10. What is t(5)?
115
Let u(b) = -161*b**2 + 53612*b + 344. Give u(333).
11
Let j(a) = -53010*a + 2014495. What is j(38)?
115
Let r(x) = -1165*x**2 - 15169*x - 307. Calculate r(-13).
5
Let g(m) = m**3 + 126*m**2 + 878*m + 5292. Give g(-119).
-63
Let j(y) = y**3 - 1679*y**2 + 264529*y - 176. What is j(176)?
0
Let b(c) = -456421*c + 10041267. What is b(22)?
5
Let k(n) = n**2 + 407*n + 33642. Determine k(-115).
62
Let y(i) = -702*i + 942. Determine y(3).
-1164
Let g(j) = -45785*j + 39. Determine g(0).
39
Let o(m) = 17*m**3 + 3*m**2 + 5*m + 2. Determine o(-4).
-1058
Let o(p) = -85*p - 3485. What is o(-37)?
-340
Let t(m) = 36775*m - 294197. What is t(8)?
3
Let w(s) = 3822*s + 61119. Determine w(-16).
-33
Let u(l) = -1832*l + 49453. What is u(27)?
-11
Let k(z) = 187*z + 2164. What is k(-17)?
-1015
Let u(j) = 42*j**2 - 4951*j + 4215. Determine u(117).
-114
Let q(s) = 3*s**2 - 197*s + 508. Calculate q(63).
4
Let i(d) = 1708*d + 2273. Give i(-1).
565
Let i(v) = 896*v + 2292. Calculate i(-3).
-396
Let f(n) = n**3 - 345*n**2 + 3293*n + 520. What is f(10)?
-50
Let j(g) = 77*g**2 - 43*g + 49. What is j(0)?
49
Let m(r) = -673*r - 299084. Give m(-443).
-945
Let o(x) = 4*x**3 - 6*x**2 + 77*x - 272. Determine o(3).
13
Let j(y) = 1465*y + 421965. Calculate j(-288).
45
Let b(p) = 55*p**2 + 265*p + 293. Give b(-3).
-7
Let y(z) = -z**3 + 8*z**2 - 14*z + 49. Calculate y(9).
-158
Let z(g) = 177*g - 21359. Calculate z(120).
-119
Let t(q) = q**2 - 106*q + 224. What is t(101)?
-281
Let k(x) = -x**3 + 35*x**2 + 457*x + 97. What is k(-10)?
27
Let c(j) = 4*j**2 + 1817*j + 88157. Give c(-399).
-22
Let x(f) = 484*f + 126296. Calculate x(-260).
456
Let k(i) = 2*i**3 - 31*i**2 + 1719*i - 25369. Give k(15).
191
Let r(f) = -37*f**2 - 336*f - 335. What is r(-8)?
-15
Let u(l) = -5*l**3 - 5*l**2 - 709*l - 2819. Determine u(-4).
257
Let w(d) = -1695*d + 571222. What is w(337)?
7
Let b(u) = 218*u**2 + 5392*u - 1282. Determine b(-25).
168
Let g(v) = 2*v**2 + 33*v - 841. Determine g(-29).
-116
Let v(s) = 4*s**3 + 229*s**2 - 66*s - 6978. Give v(-57).
33
Let i(n) = 13220*n - 1242681. Give i(94).
-1
Let l(r) = r**2 + 329*r + 7. What is l(